y = -23 - 54. Let i = -82 - y. What is the remainder when 34 is divided by (i/(-3))/(((-25)/(-5))/15)?
4
Let t be 377/8 + -2 + (-2)/16. Suppose -o + 6*w + 15 = w, -3*o - 2*w = -t. Calculate the remainder when 81 is divided by o.
6
Let j be 22 + -2 + (-1 - -2). Suppose 0 = o - 5*f + 1, -4*o + 4*f - 9*f + j = 0. Suppose 176 = 4*r + o*r. What is the remainder when 37 is divided by r?
15
Let k = -8904 - -9101. What is the remainder when k is divided by 137?
60
Suppose -395*j + 397*j = 512. Let h = j - 227. What is the remainder when 136 is divided by h?
20
Let n = 202 - -132. Suppose 2*l + 302 = n. What is the remainder when 56 is divided by l?
8
Let z(r) = r**2 + 4*r - 4. Suppose -3*q + 27 = -0*q. Suppose 17 = m - 22. What is the remainder when z(q) is divided by m?
35
Suppose 0 = -61*t - 22*t + 6*t + 3003. What is the remainder when 186 is divided by t?
30
What is the remainder when 4078 is divided by 32 - (31 - -6) - (0 - 20)?
13
Let t be -2 + (-10)/(-6) + (-391)/69. Let b = t + 43. Let v(i) = -9*i + 14. Calculate the remainder when v(-6) is divided by b.
31
Suppose -45 = -q - 3*c + c, -2*q + 5*c = -45. Suppose -25*j + 23*j + 410 = 0. Let s = j - 68. Calculate the remainder when s is divided by q.
32
Let b = 24103 - 13354. What is the remainder when b is divided by 96?
93
Suppose -j + 472 = -4*s, 35*j - 2*s - 1446 = 32*j. Calculate the remainder when j is divided by 141.
61
Let b = -9513 - -9780. What is the remainder when b is divided by 45?
42
Let x = 34 - 23. Suppose x*r - 13*r = -10. Suppose -3*g + 67 = -0*u - 2*u, r*g + 5*u = 95. Calculate the remainder when g is divided by 12.
9
Suppose 53*w - 8*w = 2822 + 1273. What is the remainder when 5910 is divided by w?
86
What is the remainder when 370 is divided by (3 + 1/(10/(-35)))*(-389 - -35)?
16
Suppose -486 + 2455 = 11*f. Let v = f + -76. What is the remainder when v is divided by 27?
22
Suppose -7*i + 1013 - 992 = 0. What is the remainder when 21 is divided by i?
0
Let b(j) = 11*j + 6. Suppose -2*t - 3*p + 117 = 2*t, 4*p + 152 = 4*t. Let u = -6 + t. Calculate the remainder when b(9) is divided by u.
24
Suppose 145 = -2*k - 269. Let g = k - -259. Calculate the remainder when g is divided by 6.
4
What is the remainder when (816 - (-1 + 11)) + -2 + -7 is divided by 67?
60
Suppose -11*l + 0*l + 372 + 772 = 0. Calculate the remainder when 411 is divided by l.
99
Suppose 0 = 4*y + 47*b - 45*b - 114, -5*b + 25 = 0. Let a = 399 - 167. Calculate the remainder when a is divided by y.
24
Let k = 398 + -420. Calculate the remainder when (3927/k)/((6/(-8))/1) is divided by 8.
6
Suppose 2202*p - 2220*p + 11611 + 28439 = 0. What is the remainder when p is divided by 14?
13
Let s = 33 - -93. Suppose 4*l + 0 = 16. What is the remainder when (-40)/6*s/(-105) is divided by l?
0
Let y be (6 + -9)/33 + (-56)/(-11). Let u be 2/4*1*0. What is the remainder when y - (u + 234/(-3)) is divided by 33?
17
Suppose g + 4 = -35. Let x be (39/(-9))/(1/g). Suppose 0 = 10*b - 111 - x. What is the remainder when b is divided by 5?
3
Let m(o) = 4*o**3 + 35*o**2 + 89*o + 32. Let v(i) = -i**3 - 9*i**2 - 22*i - 8. Let d(r) = -2*m(r) - 9*v(r). What is the remainder when d(-6) is divided by 18?
14
Let l = -1228 - -610. What is the remainder when 156 is divided by (l/(-15))/1 - 1/5?
33
Let x = 39 - 24. Let s(v) = -29 - x*v**2 + 3 + 14*v - v**3 + 3*v - 6*v. What is the remainder when s(-16) is divided by 19?
16
Let s(f) = f**2 + 6*f + 7. Let p be s(-7). Suppose -5*a + p = u, -3*u + u = -8. Suppose 0 = 175*n + 362 - 2987. Calculate the remainder when n is divided by a.
1
Let u be ((-6)/4)/((-12)/(-352)). Let c = 61 - u. Let p = c + -94. Calculate the remainder when 19 is divided by p.
8
Suppose m - 22 = -0*s + 3*s, 74 = 5*m - 3*s. Suppose -187*d + 9*d + 47586 = 53*d. Calculate the remainder when d is divided by m.
11
Suppose 3*b = 5*b - 10, -5*b = 2*v - 399. What is the remainder when v is divided by 32?
27
Let b = 22 + 53. Suppose 0 = -3*a + 4*l + b, -40 + 1 = -2*a - l. Let w = -380 + 418. Calculate the remainder when w is divided by a.
17
Let q = -210 + 268. What is the remainder when 237 is divided by q + (6 - (-3 + 7))?
57
Suppose 4*k - 4*i - 4 = 0, -k - 6*i + 11*i = -1. Calculate the remainder when 176/66*33*k is divided by 31.
26
Let d = 4910 + -4294. What is the remainder when d is divided by 10?
6
Let a = 27 + -113. Let i = -95 - a. Let y(k) = -4*k - 14. Calculate the remainder when 130 is divided by y(i).
20
Calculate the remainder when 4869 is divided by (-2 - (-12)/(-21))*(-7)/3.
3
Let d(v) = 6*v**2 + 192*v - 294. What is the remainder when 702 is divided by d(-35)?
30
Let p(s) = -s**3 - 3*s - 4. Calculate the remainder when 715 is divided by p(-2).
5
Let n(p) = 32*p**2 + 406*p + 8. What is the remainder when 568 is divided by n(-13)?
16
Suppose 14*y + 3*i + 254 = 15*y, 3*i = 2*y - 496. Calculate the remainder when y is divided by 42.
32
Suppose 5*r = -2*t + 77, 3*r = -5*t + 23 + 8. Let y = -18242 + 18355. Calculate the remainder when y is divided by r.
11
Let q be (2/(-4))/1 + 14/(-4). What is the remainder when (-2)/q + (-302)/(-4) is divided by 8?
4
Suppose -3*s + 679 + 372 = 160. What is the remainder when s is divided by 80?
57
Let a(y) = 2*y**3 + 3*y**2 - 8*y + 10. Calculate the remainder when 528 is divided by a(3).
59
Suppose 2*w + h = 51, 94*h - 99*h - 69 = -2*w. Calculate the remainder when 339 is divided by w.
15
Suppose 0 = -355*i - 3424 + 25434. What is the remainder when 462 is divided by i?
28
Let z(w) = 6*w**2 + 2*w + 15. Let t(i) = -i**3 - 13*i**2 - 8*i + 53. Let y be t(-12). What is the remainder when z(y) is divided by 45?
40
Let p = -83 - -105. Suppose 11*v - 25*v + 2128 = 0. Calculate the remainder when v is divided by p.
20
Suppose 5*j = 7*j - 10. Suppose 132 = j*x + 47. What is the remainder when 218 is divided by x?
14
Suppose 5*g + 647*t - 17055 = 642*t, 0 = 5*g - t - 17097. What is the remainder when g is divided by 118?
114
Suppose -47*g + 1533 + 491 = -467. What is the remainder when 474 is divided by g?
50
Suppose b - 4 - 32 = 0. Calculate the remainder when 3/((-6)/(-844)) + 4 + -2 + 6 is divided by b.
34
Let f = 11 + 15. Let y = 273 + f. What is the remainder when y/11 - (4 + (-252)/66) is divided by 11?
5
Suppose -6*x = -10*x + 16. Let n(g) = -314*g - 1558. Calculate the remainder when n(-5) is divided by x.
0
Let g = -18060 + 18216. Calculate the remainder when 432 is divided by g.
120
Suppose -90 = -46*n - 53 + 147. Calculate the remainder when 395 is divided by n.
3
Suppose -732*b + 81 = w - 730*b, -5*w + 5*b + 360 = 0. Calculate the remainder when w is divided by 55.
20
Let k(a) = 51*a + 2. Let v be k(1). Let r = v + -20. What is the remainder when r is divided by 4?
1
Suppose 2*t - 31737 = -4234*j + 4231*j, -3*t - 9 = 0. What is the remainder when j is divided by 26?
25
Let o(f) = -f**3 + 19*f**2 - 3*f + 171. Calculate the remainder when 1159 is divided by o(19).
19
Suppose -2*b = 4*o - 16, 4*b + o = b + 4. Suppose 4 = -4*k, b = s - 5*s + 5*k + 449. Calculate the remainder when s is divided by 38.
35
Calculate the remainder when 861 is divided by (-24*32/3)/(-4).
29
Let f = 8475 - 8266. Calculate the remainder when 356 is divided by f.
147
Let o = 781 - -711. What is the remainder when o is divided by 44?
40
Let y = 433 + -409. What is the remainder when 6161 is divided by y?
17
Suppose -7072*s - 24 = -7076*s. Let m(y) = -y**3 - y**2 - 6*y - 2. What is the remainder when m(-4) is divided by s?
4
Calculate the remainder when (-77)/(-11) + (3002 - 0) is divided by 86.
85
Let w(l) = 40*l**2 + l - 1. Let b = -1647 + 1659. What is the remainder when w(1) is divided by b?
4
Let x be 64*2 - 2/1. Let g = -1658 - -1746. Let r = x - g. Calculate the remainder when r is divided by 7.
3
Suppose -3*g - 1371 = -3*u, -4*u - u + g + 2289 = 0. Let q = 1879 + -1833. Calculate the remainder when u is divided by q.
44
Calculate the remainder when 4436 is divided by (-34 + 21)/(-13)*23.
20
Let d be 31*41 + 4 + -3. Suppose -2*v + 82 = -2*y, 0 = 5*v - 4*y - 155 - 43. What is the remainder when d/20 + (-4)/(-10) is divided by v?
30
Suppose -3*h + 4*j = -693, h + j - 132 - 99 = 0. Calculate the remainder when h is divided by 50.
31
Let p(d) = -d**2 - 14*d - 43. Let t be p(-9). Suppose t*v = 3*n + 66, 115 